 4*l = 4*a - 31. Let r = 240 + -23. Calculate the highest common factor of r and a.
31
Let s = -205 - -221. Suppose s*l - 564 = 1724. What is the highest common divisor of 39 and l?
13
Suppose 5*p = 2*b + 6*p - 110, b - 10 = 4*p. Suppose 537 = -5*f - 0*g + 3*g, 5*f = 4*g - 536. Let d = 183 + f. Calculate the greatest common factor of d and b.
25
Suppose -10*z + 2*z = -96. Suppose x - 46 = -2*a + 6*x, 0 = -3*x + 6. What is the highest common factor of a and z?
4
Let h be 703 + (-21)/(-3)*(-19)/133. Suppose 33 = 6*v - 123. What is the greatest common divisor of v and h?
26
Let o be (0 - (-5)/2)*64/80. What is the highest common factor of 176 and o?
2
Suppose v = g + 10, -2*g + 3*v - 20 = -v. Let d be (-535)/g + -2 - (-1)/2. Calculate the greatest common divisor of 884 and d.
52
Suppose 15*s + 95 = 380. What is the highest common factor of 1368 and s?
19
Suppose 67 = 2*j - n, 4*n = -3*j - 2*j + 174. Let a(r) = r**2 + 3*r + 17. Let o be a(0). What is the greatest common divisor of j and o?
17
Let t(z) = 2*z**2 + 59*z - 132. Let u be t(-32). What is the highest common factor of u and 2191?
7
Let d(s) = 22*s - 132. Let l(c) = -5*c + 33. Let r(y) = 2*d(y) + 9*l(y). Let j be r(22). What is the greatest common divisor of j and 517?
11
Let k(v) = -66*v**3 + v**2 + 2*v + 1. Let s be k(-2). Suppose 4*u + 0*z + 3*z - s = 0, -u - 2*z = -131. Calculate the highest common factor of u and 14.
7
Let i = -289 - -422. Suppose 21 + i = q. Calculate the highest common divisor of q and 44.
22
Let d = 43 - -29. Suppose -15*r = 2*r - 5496 - 14088. Calculate the greatest common factor of d and r.
72
Let x be (2 + 183)/(-4*(-8)/32). What is the greatest common factor of 18685 and x?
185
Suppose -8901 = 3*s - 46*s. What is the highest common divisor of 432 and s?
9
Suppose 2*b = 4*o + 24554, 5*b + 4*o = 91365 - 29938. Calculate the highest common factor of 284 and b.
71
Suppose 54 = 37*z - 1352. What is the highest common factor of z and 13?
1
Let h = -6 + 4. Let c be 2/(2 + (-3 - (3 + h))). Let v be (6*c*-11)/((-51)/(-34)). Calculate the highest common divisor of 4 and v.
4
Let o(y) = 58*y + 465. Let d(a) = -27*a - 233. Let q(s) = -7*d(s) - 4*o(s). Let j be q(-8). What is the highest common factor of j and 184?
23
Suppose 330*z - 54*z - 39744 = 0. What is the highest common factor of z and 3096?
72
Suppose 0 = 5*p + 2*z - 84, -551*p - 42 = -555*p + 2*z. Calculate the highest common factor of 238 and p.
14
Suppose 3*a - 9643 = -4*y, -7*y - 6423 = -2*a - 4*y. Calculate the greatest common factor of a and 238.
119
Suppose z - 198 = 5*m, z - 2*m - 714 = -492. Calculate the highest common divisor of 2058 and z.
14
Suppose l - 5*f = 11, -f - 3 + 14 = l. Let m be 4/(2/12 + (-8)/(-24)). Let w be 22/m*-2*(1 - 3). Calculate the highest common factor of l and w.
11
Let v be ((-6)/(-5))/(690/36800). What is the greatest common factor of v and 792?
8
Suppose -5*c = l, 3*l + 45*c = 44*c + 56. Let f(a) = -2*a - 2. Let m be f(-2). Let t be (-819)/(-104) - m/(-16). What is the greatest common divisor of t and l?
4
Let v(a) = -185*a - 3067. Let l be v(-17). Calculate the highest common factor of l and 1599.
39
Let p = 3347 - 3297. Calculate the highest common divisor of 2620 and p.
10
Suppose -58 = -5*a - s - 13, -26 = -2*a - 2*s. What is the highest common divisor of a and 1772?
4
Let n be (-665)/21*((-4 - -4) + -6). What is the highest common divisor of 2755 and n?
95
Suppose 2*f - 7*f + 110 = 0. Let b = -22 + f. Let m be 1 - (b + (-23 - 0)). What is the greatest common factor of 24 and m?
24
Let i(u) be the second derivative of -7*u**3/6 - 13*u**2/2 - 74*u. Let x be i(-7). What is the greatest common divisor of x and 12?
12
Let l = 24865 - 15297. Calculate the highest common factor of 364 and l.
52
Suppose 249*n - 15912 = 171*n. What is the highest common divisor of n and 19686?
102
Suppose -4*d + 11 = -4*l - 5, l + 3*d - 12 = 0. Suppose l = -5*c - 6*c + 1100. What is the highest common factor of 40 and c?
20
Let b = -355 + 291. Let l be (-3)/(12/b)*(2 - 0). What is the highest common divisor of l and 8?
8
Let p be 25/(-2)*24/(-30). Let n be (-1)/1*(-3 - 127). What is the highest common factor of n and p?
10
Let m(d) = -211*d - 2660. Let c be m(-13). What is the greatest common factor of c and 6059?
83
Suppose -p + 4*g = -12044, -3*p + 21636 = 2*g - 14566. What is the greatest common factor of p and 13?
13
Let l = -319 - -318. Let v be l + (28 - (-3 - -6)). What is the greatest common factor of 128 and v?
8
Let x(s) = -3*s - 46. Let o(f) = f. Let r(j) = -2*o(j) - x(j). Let v be r(-20). Let b = v + -17. Calculate the highest common factor of 18 and b.
9
Let k(b) = -b + 3. Let n = 119 + -117. Let p be k(n). Let v = 8 + -5. Calculate the highest common factor of p and v.
1
Suppose 0 = 3*w + 2*p - 91 + 3, 0 = 2*w + 8*p - 92. What is the highest common factor of w and 351?
13
Let s = 3885 - 3859. Calculate the highest common factor of s and 7306.
26
Suppose f + 4*k - 15 - 17 = 0, f + k - 17 = 0. Let v = 36105 - 36021. What is the greatest common factor of f and v?
12
Suppose -3 = 3*p + 4*f + 20, 0 = -f - 2. Let i be p/(-20)*2*6*1. Suppose -15 = i*w, 5*z - w - 21 = 4*z. What is the highest common divisor of z and 112?
16
Let j(d) = -10*d + 5. Let u be j(10). Let q = -91 - u. Suppose -q*t = -2*t - 84. What is the greatest common factor of t and 21?
21
Suppose -5*l + 10*l + 550 = 2*m, 791 = 3*m - 16*l. Calculate the highest common divisor of 171 and m.
57
Suppose 6 = -3*i, -10*u + 8*u + 86 = -3*i. Calculate the greatest common divisor of 136 and u.
8
Let z(j) = -13*j**3 - j**2 + 3*j - 2. Suppose 2 = 5*x + 3*c, -5*x + 4*c - 2*c - 18 = 0. Let n be z(x). Calculate the highest common factor of 69 and n.
23
Suppose 0 = -49*x + 693 + 287. Let j be 22 - x - (25 + 3)*-1. Suppose 2*f - 37 = -5*z, 2*f - f - 26 = -4*z. What is the highest common divisor of j and f?
6
Suppose -2*p - 408 + 1624 = 0. Let k be (p/(-3))/((-24)/36). What is the highest common divisor of k and 16?
16
Let v(c) = 2116*c + 108017. Let q be v(-51). Let u(p) = -77*p - 5. Let x be u(-4). What is the greatest common factor of x and q?
101
Suppose -68664 = -9*h + 1626. Let a be h/14 - 4/(-28). Calculate the greatest common divisor of a and 62.
62
Let v be 2 + 0 + (2 - 2). Let c be ((-135)/12*(-12)/9)/(-1). Let x be (c/v - -4)*-16. What is the highest common divisor of 14 and x?
14
Let h(r) = 35*r + 1. Let a be h(5). Let d be (-8)/(-16*14/308). Calculate the greatest common factor of a and d.
11
Let a be 5/(-40)*0 - 1*33. Let t be 132/(1 + 2) + -3. Let h = t + a. Calculate the highest common factor of h and 88.
8
Suppose -x - 17*s - 419 = -14*s, 2057 = -5*x + 4*s. Let a = x + 434. Let w = 4 + -1. What is the greatest common factor of a and w?
3
Let q be -2 + 12/4 + 11. Let i be 18126/q + (-3)/(-2). Suppose 10*w = 168 + i. What is the highest common divisor of 28 and w?
28
Suppose 0 = 64*n - 60*n - 5*u - 91, -n = 3*u - 27. Calculate the greatest common factor of 696 and n.
24
Let l be 3/((-6)/(-32)) + 0. Suppose 1 = -9*k + 28. Let s(c) = -7*c + 23. Let u be s(k). Calculate the highest common factor of l and u.
2
Let x = 174 - -75. Suppose 4*h - 4*y = 196, h + 4*y = 6*h - x. Let t = 57 - h. Calculate the greatest common divisor of t and 24.
4
Suppose 11*l = 35*l - 13*l - 297. Calculate the greatest common divisor of l and 6561.
27
Suppose -215 = -2*c - 3*c. Let f = 523 - 519. Suppose 0 = 5*b + m - 219, -7*b + f*b - 2*m + 137 = 0. What is the highest common factor of b and c?
43
Suppose 4 = 48*f - 44*f. Suppose f = g, -g = 5*z - 0*z - 2601. Calculate the greatest common factor of z and 65.
65
Suppose -12*h = -17*h. Suppose h = 2*i + 4*l - 24, 10*i + 5*l - 85 = 5*i. What is the highest common factor of i and 418?
22
Let c(w) = -w**2 - 6*w - 11. Let m be c(-8). Let r(o) = o**3 + 25*o**2 - 61*o + 43. Let q be r(m). Calculate the greatest common divisor of 8 and q.
8
Suppose -5*n + 54 = 34. Suppose 5*t - 97 = n*t - j, 283 = 3*t - j. Suppose -4*p - 54 = -d, -4*d + 118 = -d - p. Calculate the greatest common factor of d and t.
19
Let b be (-147668)/(-42) + 50/525. Calculate the highest common factor of 12 and b.
12
Let f(a) be the second derivative of a**4/12 - 10*a**3/3 + 69*a**2/2 + 97*a. Let u be f(17). Calculate the greatest common div